hat are the prime factors of 10556660?
2, 5, 17, 61, 509
What are the prime factors of 159183?
3, 23, 769
List the prime factors of 357850.
2, 5, 17, 421
List the prime factors of 65048.
2, 47, 173
List the prime factors of 263279.
17, 911
What are the prime factors of 8644191?
3, 2881397
List the prime factors of 1572209.
43, 36563
List the prime factors of 21797448.
2, 3, 227, 4001
List the prime factors of 1033861.
739, 1399
List the prime factors of 263408.
2, 101, 163
List the prime factors of 12002677.
12002677
What are the prime factors of 835334?
2, 41, 61, 167
What are the prime factors of 491259?
3, 163753
List the prime factors of 144557.
7, 107, 193
What are the prime factors of 7790776?
2, 7, 139121
What are the prime factors of 27633450?
2, 3, 5, 13, 37, 383
What are the prime factors of 5867955?
3, 5, 130399
List the prime factors of 3951968.
2, 123499
What are the prime factors of 30458493?
3, 13, 260329
What are the prime factors of 285672?
2, 3, 11903
List the prime factors of 49515.
3, 5, 3301
List the prime factors of 4807861.
79, 60859
List the prime factors of 1116014.
2, 558007
List the prime factors of 14727919.
821, 17939
List the prime factors of 1865711.
1865711
What are the prime factors of 381903?
3, 127301
What are the prime factors of 44492?
2, 7, 227
List the prime factors of 9975307.
23, 59, 7351
What are the prime factors of 8073673?
317, 25469
List the prime factors of 526440.
2, 3, 5, 41, 107
What are the prime factors of 591640?
2, 5, 7, 2113
List the prime factors of 3048381.
3, 7, 127
What are the prime factors of 3288569?
41, 80209
List the prime factors of 601844.
2, 19, 7919
What are the prime factors of 21440826?
2, 3, 11, 108287
List the prime factors of 994332.
2, 3, 41, 43, 47
What are the prime factors of 3977962?
2, 173, 11497
What are the prime factors of 2446453?
17, 143909
List the prime factors of 270698.
2, 135349
List the prime factors of 214832.
2, 29, 463
What are the prime factors of 2095250?
2, 5, 17, 29
List the prime factors of 959327.
17, 56431
List the prime factors of 5789031.
3, 23, 53, 1583
What are the prime factors of 26458591?
26458591
List the prime factors of 772041.
3, 23, 67, 167
List the prime factors of 481512.
2, 3, 20063
List the prime factors of 11226367.
11226367
What are the prime factors of 1003808?
2, 13, 19, 127
List the prime factors of 319150.
2, 5, 13, 491
List the prime factors of 3802171.
3802171
List the prime factors of 242216.
2, 13, 17, 137
What are the prime factors of 34328101?
89, 385709
List the prime factors of 767939.
107, 7177
List the prime factors of 50875.
5, 11, 37
What are the prime factors of 567942?
2, 3, 103, 919
What are the prime factors of 3025737?
3, 11, 13, 2351
List the prime factors of 1020567.
3, 109, 3121
List the prime factors of 2504229.
3, 7, 13, 9173
List the prime factors of 31122576.
2, 3, 72043
List the prime factors of 38547356.
2, 23, 418993
What are the prime factors of 3718573?
3718573
What are the prime factors of 6177619?
7, 882517
List the prime factors of 711079.
79, 9001
What are the prime factors of 1084235?
5, 19, 101, 113
List the prime factors of 238464.
2, 3, 23
What are the prime factors of 2872149?
3, 7, 136769
What are the prime factors of 299294?
2, 263, 569
List the prime factors of 2077793.
1093, 1901
What are the prime factors of 1128993?
3, 269, 1399
What are the prime factors of 613809?
3, 7, 9743
What are the prime factors of 1303794?
2, 3, 113, 641
List the prime factors of 225737.
37, 6101
List the prime factors of 12144381.
3, 1889, 2143
What are the prime factors of 106839?
3, 1319
List the prime factors of 1055768.
2, 7, 17, 1109
What are the prime factors of 324062?
2, 311, 521
List the prime factors of 161407.
161407
What are the prime factors of 35980767?
3, 263, 563
List the prime factors of 550992.
2, 3, 13, 883
List the prime factors of 253562.
2, 126781
List the prime factors of 1240861.
1240861
List the prime factors of 484046.
2, 41, 5903
List the prime factors of 2947915.
5, 589583
List the prime factors of 276653.
13, 1637
List the prime factors of 284149.
284149
List the prime factors of 1170626.
2, 585313
List the prime factors of 6084990.
2, 3, 5, 31, 727
List the prime factors of 363666.
2, 3, 60611
List the prime factors of 5455211.
331, 16481
What are the prime factors of 2318348?
2, 579587
List the prime factors of 5321335.
5, 61, 73, 239
What are the prime factors of 173894?
2, 7, 12421
What are the prime factors of 8569405?
5, 13, 131837
List the prime factors of 22248346.
2, 443, 25111
What are the prime factors of 79327?
23, 3449
What are the prime factors of 18819153?
3, 17, 123001
List the prime factors of 751581.
3, 37, 61
List the prime factors of 8130887.
1063, 7649
What are the prime factors of 1909302?
2, 3, 29, 10973
What are the prime factors of 1983940?
2, 5, 7, 37, 383
What are the prime factors of 849790?
2, 5, 84979
What are the prime factors of 3109150?
2, 5, 11, 5653
List the prime factors of 93788.
2, 23447
List the prime factors of 34834355.
5, 61, 181, 631
What are the prime factors of 8810334?
2, 3, 13, 23, 1637
What are the prime factors of 388929?
3, 129643
What are the prime factors of 58296?
2, 3, 7, 347
List the prime factors of 331988.
2, 82997
List the prime factors of 8249615.
5, 11, 149993
List the prime factors of 761605.
5, 13, 11717
List the prime factors of 536896.
2, 8389
List the prime factors of 33625.
5, 269
What are the prime factors of 78747?
3, 26249
List the prime factors of 175588.
2, 7, 6271
List the prime factors of 261210.
2, 3, 5, 8707
List the prime factors of 1397628.
2, 3, 12941
What are the prime factors of 24375899?
4159, 5861
List the prime factors of 1379451.
3, 459817
List the prime factors of 543668.
2, 199, 683
List the prime factors of 751124.
2, 11, 43, 397
What are the prime factors of 374175?
3, 5, 1663
List the prime factors of 604830.
2, 3, 5, 20161
What are the prime factors of 681200?
2, 5, 13, 131
What are the prime factors of 793775?
5, 31751
List the prime factors of 388679.
97, 4007
List the prime factors of 28557454.
2, 73, 195599
List the prime factors of 8463729.
3, 53, 53231
List the prime factors of 1052164.
2, 17, 15473
List the prime factors of 1838320.
2, 5, 11, 2089
What are the prime factors of 3332627?
37, 90071
What are the prime factors of 3689024?
2, 57641
List the prime factors of 419384.
2, 7, 7489
What are the prime factors of 1910538?
2, 3, 7, 59, 257
What are the prime factors of 2817536?
2, 5503
What are the prime factors of 293200?
2, 5, 733
List the prime factors of 400294.
2, 233, 859
What are the prime factors of 148057?
7, 13, 1627
List the prime factors of 3067377.
3, 331, 3089
What are the prime factors of 464089?
464089
What are the prime factors of 1856131?
829, 2239
What are the prime factors of 26256714?
2, 3, 11, 397829
List the prime factors of 1491447.
3, 109, 4561
List the prime factors of 1819449.
3, 79, 853
What are the prime factors of 916310?
2, 5, 91631
List the prime factors of 146244.
2, 3, 7, 1741
List the prime factors of 24623.
24623
List the prime factors of 13212567.
3, 43, 34141
What are the prime factors of 11437187?
23, 497269
What are the prime factors of 3502986?
2, 3, 17, 61, 563
What are the prime factors of 980426?
2, 37, 13249
What are the prime factors of 831742?
2, 17, 1439
List the prime factors of 1471622.
2, 17, 43283
List the prime factors of 224569.
224569
What are the prime factors of 616490?
2, 5, 7, 8807
List the prime factors of 4609611.
3, 59, 8681
What are the prime factors of 2365574?
2, 1182787
What are the prime factors of 59085?
3, 5, 13, 101
What are the prime factors of 8354542?
2, 7, 113, 5281
What are the prime factors of 349762?
2, 7, 43, 83
List the prime factors of 1218572.
2, 304643
List the prime factors of 292729.
199, 1471
What are the prime factors of 429938?
2, 227, 947
List the prime factors of 295783.
17, 127, 137
List the prime factors of 764727.
3, 23, 11083
List the prime factors of 1085152.
2, 33911
What are the prime factors of 7617455?
5, 1523491
List the prime factors of 5084475.
3, 5, 11, 6163
List the prime factors of 1205317.
17, 70901
List the prime factors of 18214091.
7, 23, 113131
What are the prime fac